2?
-100011
Convert -6 (base 15) to base 13.
-6
Convert -100102 (base 3) to base 8.
-376
0 (base 7) to base 16
0
What is -86 (base 9) in base 3?
-2220
1 (base 4) to base 2
1
What is -1b (base 12) in base 11?
-21
-111 (base 2) to base 7
-10
Convert -44 (base 10) to base 6.
-112
-11 (base 3) to base 10
-4
Convert 2 (base 4) to base 3.
2
What is 15 (base 6) in base 8?
13
What is -5 (base 6) in base 14?
-5
Convert -115 (base 8) to base 3.
-2212
Convert -1110000 (base 2) to base 3.
-11011
What is 48 (base 11) in base 9?
57
Convert -14 (base 7) to base 15.
-b
Convert -11012 (base 3) to base 8.
-161
What is -6 (base 15) in base 4?
-12
Convert -21 (base 7) to base 9.
-16
What is 1 (base 6) in base 2?
1
-1001001 (base 2) to base 3
-2201
What is 4 (base 7) in base 15?
4
Convert 1010 (base 2) to base 16.
a
What is -10001101 (base 2) in base 8?
-215
Convert -56 (base 11) to base 3.
-2021
-80 (base 15) to base 14
-88
What is -3 (base 11) in base 10?
-3
Convert -1 (base 9) to base 7.
-1
18d (base 15) to base 13
217
What is 10 (base 11) in base 12?
b
Convert -4 (base 14) to base 4.
-10
Convert -133 (base 14) to base 15.
-111
Convert 6c (base 14) to base 4.
1200
Convert 3 (base 4) to base 15.
3
Convert 10000 (base 3) to base 6.
213
Convert 74 (base 10) to base 13.
59
3 (base 14) to base 16
3
0 (base 3) to base 8
0
-10 (base 4) to base 10
-4
Convert -3 (base 5) to base 8.
-3
What is -1 (base 2) in base 15?
-1
What is 6 (base 14) in base 7?
6
-110 (base 13) to base 3
-20202
What is 91 (base 10) in base 12?
77
30 (base 5) to base 2
1111
What is -37 (base 9) in base 7?
-46
What is 12 (base 7) in base 3?
100
Convert 63 (base 16) to base 14.
71
10010000 (base 2) to base 16
90
10 (base 13) to base 14
d
What is 30 (base 6) in base 2?
10010
Convert 112121 (base 3) to base 12.
28a
-7 (base 8) to base 2
-111
103 (base 8) to base 6
151
Convert -23 (base 7) to base 8.
-21
Convert a5 (base 15) to base 5.
1110
What is -13 (base 5) in base 11?
-8
Convert 5 (base 6) to base 4.
11
513 (base 6) to base 5
1224
11000111 (base 2) to base 11
171
Convert 10 (base 5) to base 9.
5
Convert 1 (base 15) to base 3.
1
Convert -14 (base 15) to base 6.
-31
-5 (base 16) to base 14
-5
What is 149 (base 13) in base 12?
172
Convert -437 (base 8) to base 12.
-1bb
Convert 8 (base 16) to base 12.
8
What is 2 (base 6) in base 13?
2
-2 (base 5) to base 15
-2
Convert 0 (base 10) to base 15.
0
304 (base 5) to base 15
54
Convert -11 (base 13) to base 6.
-22
What is 76 (base 14) in base 16?
68
Convert -67 (base 15) to base 3.
-10121
Convert 24 (base 9) to base 13.
19
Convert -55 (base 9) to base 4.
-302
-2 (base 5) to base 6
-2
Convert 5 (base 8) to base 13.
5
What is 1110 (base 2) in base 12?
12
10 (base 3) to base 11
3
What is -2 (base 3) in base 12?
-2
Convert -110 (base 2) to base 11.
-6
21 (base 10) to base 12
19
-1 (base 15) to base 4
-1
-2121 (base 3) to base 13
-55
Convert 100 (base 2) to base 6.
4
Convert -15 (base 7) to base 16.
-c
Convert 10 (base 7) to base 9.
7
What is 10 (base 10) in base 15?
a
What is 37 (base 9) in base 13?
28
-130 (base 4) to base 11
-26
What is -100111 (base 2) in base 16?
-27
Convert -10 (base 15) to base 16.
-f
Convert 7 (base 8) to base 4.
13
14 (base 12) to base 9
17
What is -111 (base 2) in base 9?
-7
0 (base 7) to base 4
0
Convert 2 (base 13) to base 14.
2
Convert -8 (base 12) to base 11.
-8
10010 (base 2) to base 11
17
87 (base 13) to base 14
7d
37 (base 8) to base 5
111
102 (base 7) to base 8
63
What is -15 (base 9) in base 14?
-10
-3c (base 15) to base 8
-71
Convert 236 (base 7) to base 13.
98
What is 134 (base 5) in base 8?
54
Convert 4 (base 13) to base 12.
4
Convert -36 (base 8) to base 7.
-42
What is 13 (base 4) in base 8?
7
What is 0 (base 15) in base 11?
0
What is -4 (base 13) in base 5?
-4
What is -2 (base 16) in base 13?
-2
What is 79 (base 12) in base 4?
1131
Convert -1100 (base 2) to base 4.
-30
3 (base 16) to base 7
3
-1b (base 15) to base 8
-32
What is 56 (base 8) in base 12?
3a
What is 2 (base 14) in base 3?
2
What is 21 (base 14) in base 8?
35
-24 (base 11) to base 14
-1c
What is 1123 (base 4) in base 6?
231
What is 24 (base 7) in base 8?
22
31 (base 9) to base 13
22
What is c9 (base 13) in base 10?
165
What is 110 (base 2) in base 4?
12
Convert 2 (base 16) to base 8.
2
Convert -3 (base 10) to base 11.
-3
What is -3 (base 10) in base 9?
-3
What is 16 (base 16) in base 13?
19
What is 0 (base 16) in base 9?
0
-2 (base 10) to base 16
-2
-2 (base 15) to base 5
-2
Convert 7d (base 14) to base 11.
a1
Convert -12 (base 5) to base 12.
-7
Convert -3 (base 9) to base 14.
-3
Convert 15 (base 8) to base 4.
31
-63 (base 7) to base 6
-113
22 (base 10) to base 2
10110
106 (base 13) to base 15
ba
Convert 3 (base 10) to base 4.
3
-100 (base 3) to base 10
-9
4 (base 8) to base 15
4
What is 6e (base 16) in base 6?
302
Convert 6 (base 8) to base 2.
110
Convert 1 (base 15) to base 5.
1
Convert 0 (base 12) to base 3.
0
Convert e (base 15) to base 6.
22
Convert -12022 (base 3) to base 13.
-b0
What is -27 (base 10) in base 15?
-1c
What is 3 (base 5) in base 10?
3
What is -2112 (base 3) in base 12?
-58
What is -437 (base 9) in base 5?
-2413
Convert -5 (base 10) to base 11.
-5
What is -3 (base 13) in base 14?
-3
Convert 4 (base 7) to base 2.
100
What is 14 (base 13) in base 2?
10001
Convert -1 (base 6) to base 16.
-1
111 (base 2) to base 8
7
Convert a (base 14) to base 16.
a
What is 111 (base 4) in base 8?
25
What is -39 (base 10) in base 9?
-43
Convert 3b (base 13) to base 5.
200
What is -10 (base 5) in base 14?
-5
What is -45 (base 14) in base 6?
-141
-42 (base 10) to base 15
-2c
2 (base 10) to base 16
2
What is 41 (base 9) in base 6?
101
What is 98 (base 13) in base 14?
8d
What is -1202 (base 3) in base 5?
-142
436 (base 7) to base 4
3133
What is -5 (base 15) in base 6?
-5
Convert 28 (base 11) to base 15.
20
Convert 42 (base 10) to base 2.
101010
What is 32 (base 4) in base 8?
16
eb (base 16) to base 7
454
Convert -1 (base 14) to base 8.
-1
Convert -5 (base 9) to base 13.
-5
Convert -14 (base 13) to base 2.
-10001
Convert -12 (base 4) to base 8.
-6
Convert 21 (base 5) to base 11.
10
What is 96 (base 13) in base 16?
7b
Convert 8d (base 14) to base 3.
11122
What is -9 (base 10) in base 7?
-12
What is -15 (base 13) in base 5?
-33
Convert -502 (base 7) to base 16.
-f7
Convert -b (base 15) to base 3.
-102
What is -6 (base 7) in base 14?
-6
Convert 1 (base 12) to base 4.
1
What is -120 (base 4) in base 9?
-26
-2 (base 13) to base 3
-2
What is 13 (base 14) in base 11?
16
-7 (base 12) to base 8
-7
-110 (base 3) to base 15
-c
Convert -121 (base 3) to base 14.
-12
18 (base 14) to base 5
42
11 (base 3) to base 16
4
What is 50 (base 16) in base 14?
5a
1 (base 8) to base 11
1
What is 30 (base 10) in base 13?
24
What is 24 (base 16) in base 10?
36
What is 26 (base 16) in base 3?
1102
-30 (base 13) to base 3
-1110
-110 (base 4) to base 8
-24
-8 (base 15) to base 11
-8
Convert -60 (base 7) to base 8.
-52
What is -265 (base 8) in base 14?
-cd
Convert 6 (base 13) to base 6.
10
Convert -1030 (base 4) to base 9.
-84
112002 (base 3) to base 9
462
Convert 97 (base 15) to base 10.
142
Convert 23 (base 5) to base 2.
1101
-11100 (base 2) to base 15
-1d
-2 (base 5) to base 10
-2
What is -9 (base 10) in base 16?
-9
-1 (base 4) to base 11
-1
Convert -104 (base 5) to base 13.
-23
-32 (base 10) to base 7
-44
What is c (base 13) in base 7?
15
-25 (base 14) to base 16
-21
What is 1 (base 7) in base 10?
1
What is 8 (base 9) in base 6?
12
What is 123 (base 5) in base 13?
2c
-3 (base 14) to base 16
-3
Convert -212 (base 3) to base 9.
-25
1 (base 8) to base 10
1
Convert -1010 (base 5) to base 4.
-2002
Convert -a (base 11) to base 7.
-13
Convert 4 (base 7) to base 8.
4
What is 8 (base 16) in base 8?
10
Convert 1212 (base 4) to base 9.
123
What is -14 (base 5) in base 11?
-9
-7 (base 9) to base 3
-21
-3 (base 11) to base 8
-3
Convert -104 (base 5) to base 7.
-41
What is 1001101 (base 2) in base 15?
52
What is -3 (base 11) in base 10?
-3
Convert 4 (base 16) to base 6.
4
Convert -103 (base 4) to base 6.
-31
What is -1 (base 13) in base 6?
-1
Convert 0 (base 15) to base 8.
0
What is -164 (base 8) in base 11?
-a6
What is -11 (base 14) in base 3?
-120
What is 1 (base 3) in base 6?
1
8 (base 12) to base 15
8
